 3. Give n(l).
21
Let y be (4 + (-4 - -4))*2. Suppose 3*v - y = -23. Let h(z) = z**2 + 7*z. Calculate h(v).
-10
Let q(u) = -3*u + 43. Let f be q(17). Let y(s) = s**3 + 9*s**2 + 8*s + 6. Determine y(f).
6
Let j(d) = 2*d - 6. Let g be (36/21)/((-10)/(-35)). Suppose 2*i = g*i - 24. What is j(i)?
6
Let q(v) = -v**3 - 4*v**2 - v + 3. Let t(h) = 20*h - 183. Let x be t(9). Calculate q(x).
-3
Let r(s) = -s**2 - 4*s + 1. Let m = -8 - -10. Suppose -m*p - p - 9 = 0. Calculate r(p).
4
Let v be (-880)/(-143) + (-6)/39. Let x(p) = -3*p - 4. Calculate x(v).
-22
Let t be 6/15 - 24/(-15). Let o(h) = -7 - h**2 + t*h**2 + 9*h + 0*h - 2*h**2. What is o(7)?
7
Let q(b) = -10*b + 104 - 2*b + 104 - 205 - 3*b. Calculate q(2).
-27
Let n(o) = -2*o**3 + 7*o**2 - 13*o + 2. Let c(g) = 3*g**3 - 6*g**2 + 10*g - 2. Let a(d) = -4*c(d) - 3*n(d). Determine a(2).
-36
Let a(w) = w**2 - 9*w + 9. Suppose 3*s - 5*s - 42 = 0. Let l be ((-14)/s - 2/(-6))*8. What is a(l)?
1
Let s be (6/4)/(10 + (-95)/10). Let n(h) be the first derivative of h - 1/3*h**3 - 12 + s*h**2. Calculate n(6).
1
Let d(a) = 0*a + 5*a - 7 - 2*a - 4*a. Let m(f) = f + 7. Let b(w) = -5*d(w) - 4*m(w). Let u be 10 + (-32)/4 - -4. What is b(u)?
13
Suppose 9 = 8*m - 15. Let v(n) be the second derivative of -1/2*n**2 + 3*n + 5/12*n**4 - 1/20*n**5 - 1/3*n**m + 0. Give v(4).
7
Let y be (-40)/(-15) - (-2)/6. Let a(i) = 13*i**2 - 21*i**2 + 7*i**2 + 3 + y*i. What is a(-3)?
-15
Let x(j) = -j**2 + 11*j + 1. Suppose 9*d = -8*d + 136. Determine x(d).
25
Let w be (-22)/66 + 8/6. Let z(a) = -1 + 2*a**2 + 3*a**3 - 2*a**3 - 3*a**3 - a**3. What is z(w)?
-2
Let s(n) = -7*n**3 - 4*n**2 + n + 11. Let j(g) = 3*g**3 - g - 1. Let f(q) = 2*j(q) + s(q). Calculate f(-3).
3
Let t(h) be the first derivative of -h**3/3 - h**2 - 2. Let c be t(-1). Let w(f) = c + f - 1 - 2. Calculate w(-2).
-4
Let r = -139 - -143. Let x(a) = -a**2 + 3*a. Determine x(r).
-4
Suppose 2*l - 14 = 2*n, -5*l + 1 = 5*n - l. Let x = 2 - 0. Let g(z) = 4*z + 3*z**x + 0*z + 1 + 0*z - z**2. Give g(n).
7
Let f(y) = y**3 - 18*y**2 + 18*y - 19. Let d be (-4)/30 + (514/(-15))/(-2). Calculate f(d).
-2
Let o(d) = -2*d**3 - 4*d**2 + 3*d**2 + 3 + d**3 + 4. Let h = -1029 + 1029. What is o(h)?
7
Suppose 5*u - 11 = 4*c, 5*u - 5 - 10 = 0. Suppose -4*o + c + 15 = 0. Let n(x) = -2*x**2 - o - 3 - 6*x + 3 + 9*x. What is n(3)?
-13
Let a(n) = -n**2 + 4*n + 3. Let g be (-3 - (-54)/(-3)) + (1 - 4). Let w = -20 - g. Determine a(w).
3
Let n(y) = -y**2 + 6*y - 5. Let v(g) = -3*g + 2*g - 2 + 5*g. Suppose 4*q - 6 = 4*s - 7*s, -4*s + 2*q + 8 = 0. Let o be v(s). What is n(o)?
-5
Let v(h) = -13*h**3 - h**2 - 14*h - 1. Let q(x) = 13*x**3 + x**2 + 12*x + 1. Let l(a) = 6*q(a) + 5*v(a). What is l(-1)?
-13
Suppose 10 = 3*l + 22. Let m(j) = -j - 9. Let u be m(l). Let w(x) = -x**3 - 4*x**2 + 7*x + 3. What is w(u)?
-7
Let o(c) be the third derivative of 7*c**4/24 - 11*c**2 - 2. Determine o(-2).
-14
Suppose -8*m - 168 = -29*m. Let k(j) = -j**3 + 9*j**2 - 8*j - 4. Calculate k(m).
-4
Let w(u) = u**3 - 14*u**2 - 17*u + 19. Suppose -41 = -4*g + 3*r + 13, -g - 2*r + 19 = 0. What is w(g)?
-11
Let q be (-3)/(-18) - 105/(-18). Let y(p) = 3*p - 9. Give y(q).
9
Let s(i) = -2*i**2 - 2*i + 5. Let z be 234/(-46) - (-4)/46. Determine s(z).
-35
Suppose 2*z + z = 0. Let s(g) = 6*g - 8. Let c(x) = -9*x + 23. Let y(v) = 13*v - 35. Let h(b) = 8*c(b) + 5*y(b). Let j(k) = -5*h(k) - 6*s(k). Calculate j(z).
3
Let r(n) = 2*n**2 + n. Suppose 5 = -5*l - 65. Let a = l + 14. Suppose -11*x + 7*x - 8 = a. Give r(x).
6
Let g(d) = d + 0*d + d**2 - 8*d - 2*d + 6*d. What is g(-3)?
18
Let p(c) = c**3 + 9*c**2 - 7*c + 3. Let o(w) = 2*w**2 + w - 1. Let k(h) = o(h) - p(h). Determine k(-8).
-4
Let b(d) = d - 10. Let k(a) be the first derivative of 3*a + 12. Let z(x) = -2*b(x) - 7*k(x). Determine z(-2).
3
Let c(z) = -z**3 - z**2 - z - 14. Suppose 0 = -55*p + 56*p. Suppose p = 144*o - 145*o. Give c(o).
-14
Let x(v) be the third derivative of 4/3*v**3 + 0*v + 15*v**2 + 1/12*v**4 + 0. Calculate x(-9).
-10
Suppose 3*y = -y - 20. Let w = 9 + y. Let v(r) = -5*r - 11. Let h(o) = -4*o - 10. Let s(j) = -7*h(j) + 6*v(j). Determine s(w).
-4
Let s(j) = 9*j + 7*j**2 + j**3 - 5*j - 13*j - 4. Suppose 3*g + 32 = -g. Determine s(g).
4
Let g(h) = 1 + 6056*h**2 - 6055*h**2 + 3*h - 3 - 10*h. Determine g(8).
6
Let p(f) = -f**2 + 7*f + 20. Let w be p(8). Let x(m) = m**2 - 12*m + 7. Calculate x(w).
7
Let l(g) = g + 3. Let o = -51 - -106. Let a = 55 - o. Calculate l(a).
3
Let b(y) = y + 2. Let m(c) = -1. Let z(i) = b(i) - m(i). Suppose 3*a = -0*a - 15. Let q(x) = -2*x - 10. Let w be q(a). Determine z(w).
3
Let w = 21 + -34. Let j = -11 - w. Let t(c) = c**3 - 5*c**2 - 3*c - 5. Let b(f) = -4*f**3 + 14*f**2 + 10*f + 15. Let v(r) = j*b(r) + 7*t(r). Give v(-7).
2
Suppose -2*r + 6*m + 36 = 4*m, 4*r - 5*m = 73. Let a(t) = t**2 - 3*t**2 - 2*t**2 - 2*t + t**3 + r - 15. What is a(4)?
-6
Suppose i - 4*v + 14 = 1, -18 = -2*i - 3*v. Let f(n) be the third derivative of -1/30*n**5 + 0 + 0*n + 1/6*n**4 - 9*n**2 + 1/3*n**i. Give f(4).
-14
Let z(q) = -2*q**3 + 24*q**2 - 26*q - 10. Let b(f) = 3*f**3 - 25*f**2 + 27*f + 7. Let w(m) = 3*b(m) + 4*z(m). Calculate w(-22).
3
Let j(l) = l**3 - 5*l**2 - 6*l + 5. Let f = -46 - -51. Suppose k - f*k + 24 = 0. Give j(k).
5
Let k = -23 + 27. Suppose 5*p - 3*v + 33 = 0, -k*v - 3 + 7 = 0. Let a(l) be the second derivative of l**4/12 + l**3 + 3*l**2 - 2*l. What is a(p)?
6
Suppose 0 = 3*f - h + 22, 2*f + 22*h - 25*h + 24 = 0. Let b(n) = n. Suppose 30 = 5*q - 10*q. Let v(s) = 7*s + 9. Let l(o) = q*b(o) + v(o). Give l(f).
3
Let o(v) be the third derivative of 0 - 1/3*v**3 + 2*v**2 + 1/120*v**6 + 1/4*v**4 + 0*v - 1/12*v**5. Let g be 2/(-13) + 324/78. Give o(g).
6
Let v be (-6)/10 + 96/10. Let q(o) = -5 + 3*o**3 - 2*o**3 - 20*o**2 + 0*o**3 - o + 11*o**2 + 8. Calculate q(v).
-6
Let b(w) be the second derivative of -w**5/20 - 5*w**4/12 + 5*w**3/6 - 1492*w. Let s(a) = -a - 1. Let v be s(4). Calculate b(v).
-25
Let w(i) = -3*i**2 + 3*i + 2. Let s be w(-1). Let u be ((3 - -13)/(-4))/s. Let g(l) = -4 + u - l - 4 + 3. Calculate g(5).
-9
Let l(f) = 3*f + 39. Let b be l(-12). Let k(c) = 18*c + 12*c - c**b - 7*c**2 + 5 - 35*c. Give k(-6).
-1
Suppose -w - 3*w + 31 = g, -4*g - 5*w = -69. Let l = 5 - g. Let q(t) = 2*t + 9. What is q(l)?
-3
Let n(i) = -2*i. Let f(g) = -g**2 + 7*g - 11. Let t be f(6). Let u(b) be the second derivative of b**3/2 + 2*b. Let v(q) = t*u(q) - 7*n(q). What is v(4)?
-4
Let f(t) = 21*t - 47*t + 1392 - 1388. What is f(-2)?
56
Let z be 4/38 - (-42)/(-399). Let w(m) be the first derivative of z*m + 1/2*m**2 - 4. Calculate w(0).
0
Let v(l) = -l**3 - 2*l**2 + 2*l - 1. Let f = 11 - 11. Let b be 6 - (-4)/(-2 - f). Let q be ((-16)/(-24))/(b/(-18)). Give v(q).
2
Let a(o) be the first derivative of -o**2 - 1/8*o**4 - 1/20*o**5 - 8 + 0*o + 0*o**3 - 1/120*o**6. Let l(g) be the second derivative of a(g). What is l(-3)?
9
Suppose 3*u - m = -5*m - 41, -4*u = 5*m + 53. Let y(i) = -i**3 - 8*i**2 - 4*i - 5. Give y(u).
-26
Let s(a) = 2*a + 4. Let p be s(-3). Let u be p + (1 - 1) + 8. Let z be 20/u - (-2)/3. Let o(h) = -2*h + 2. What is o(z)?
-6
Let y = 0 - 0. Let z(m) be the first derivative of -1/2*m**2 - 3 - 3*m. What is z(y)?
-3
Let d = 289 + -284. Let h(w) = w**3 - 5*w**2 - w + 5. Determine h(d).
0
Suppose 0 = 58*b + 380 - 32. Let t(o) be the second derivative of -o**5/120 - o**3/3 - 2*o. Let n(u) be the second derivative of t(u). Determine n(b).
6
Let h(s) = -s**3 + 2*s**2 + 4*s - 3. Let l(a) = a**3 + 5*a**2 + 6*a + 2. Let t be l(-4). Let c be (-14)/t + (-50)/(-75). Give h(c).
0
Let g be (-4 + 5 + -2)/(5/40). Let j(w) = w**3 + 9*w**2 + 7*w - 11. Calculate j(g).
-3
Let c(u) = 4594*u - u**2 - 4594*u. Give c(0).
0
Let w(k) = -13*k - k**2 - 972 + 1945 - 1003. Give w(-10).
0
Let k(z) = -z**3 - 4*z**2 - 1. Let c(d) = d**2 - 35*d + 274. Let a be c(23). What is k(a)?
-9
Let s(x) = -3*x + 20 + 3*x - 36 + 3*x + x**2. Calculate s(3).
2
Let b be (25/(-15))/(10/(-36)). Let u(n) = -6*n + 3*n**2 - 7*n**2 + 3*n**2. Let s(v) = -2*v**2 - 11*v. Let f(r) = b*s(r) - 11*u(r). Determine f(-4).
-16
Let l(a) = 5*a**2 - 1. Let v(x) = 2*x + 6. Let m be v(10). Let k = 14 - m. Let c = k + 13. Calculate l(c).
4
Let p(x) be the second derivative of x**7/2520 - x**6/144 - 3*x**5/40 - 9*x**4/4 + 23*